1 composite?
False
Is 1651 composite?
True
Is 2291 composite?
True
Is 52837 a composite number?
False
Is 10687 prime?
True
Is 3281351 composite?
False
Is 50429 a composite number?
True
Is 7349 prime?
True
Is 384287 a prime number?
True
Is 49849 composite?
True
Is 67442 a composite number?
True
Is 1181753 a prime number?
False
Is 121711 prime?
True
Is 59863 composite?
False
Is 2039 composite?
False
Is 131902 prime?
False
Is 154523 prime?
True
Is 143681 composite?
True
Is 61127 prime?
False
Is 1681787 composite?
False
Is 141859 a prime number?
False
Is 6521 a prime number?
True
Is 379 a composite number?
False
Is 80471 a composite number?
False
Is 41773 composite?
True
Is 5593251 prime?
False
Is 229819 composite?
False
Is 9463 composite?
False
Is 58757 a prime number?
True
Is 496399 composite?
False
Is 23663 composite?
False
Is 396923 a composite number?
True
Is 46171 composite?
False
Is 1735397 a prime number?
True
Is 51343 a prime number?
True
Is 404903 a prime number?
False
Is 17519 a prime number?
True
Is 5381 prime?
True
Is 26083 a composite number?
False
Is 13537 a composite number?
False
Is 12251 a composite number?
False
Is 6115 composite?
True
Is 11617 prime?
True
Is 8594 prime?
False
Is 1934833 composite?
False
Is 326545 prime?
False
Is 2149 a prime number?
False
Is 257585 prime?
False
Is 93529 prime?
True
Is 449 a prime number?
True
Is 16619 composite?
False
Is 103949 a prime number?
False
Is 9029 composite?
False
Is 20153 prime?
False
Is 32593 a composite number?
True
Is 39329 a prime number?
False
Is 23401 composite?
True
Is 12053 prime?
False
Is 219703 composite?
True
Is 33541 a prime number?
False
Is 315409 prime?
True
Is 63703 a composite number?
False
Is 949 prime?
False
Is 1471 a composite number?
False
Is 88393 a prime number?
False
Is 14849 a composite number?
True
Is 116089 prime?
True
Is 37397 composite?
False
Is 696793 a composite number?
False
Is 8081 a composite number?
False
Is 13369 a composite number?
True
Is 6079 prime?
True
Is 668341 a composite number?
True
Is 2248139 prime?
True
Is 12223 prime?
False
Is 10937 a prime number?
True
Is 15815 composite?
True
Is 451301 prime?
True
Is 2240551 a prime number?
True
Is 10559 composite?
False
Is 115679 prime?
True
Is 18059 a composite number?
False
Is 24499 prime?
True
Is 5615 composite?
True
Is 546293 a composite number?
True
Is 7613 a prime number?
False
Is 145063 a prime number?
True
Is 1481 composite?
False
Is 192181 a prime number?
False
Is 166541 composite?
False
Is 18322 a composite number?
True
Is 11957 prime?
False
Is 831 prime?
False
Is 9593 composite?
True
Is 20858 a composite number?
True
Is 35159 prime?
True
Is 34453 prime?
False
Is 32467 a prime number?
True
Is 118819 prime?
True
Is 6982 prime?
False
Is 1226867 prime?
True
Is 1969 prime?
False
Is 35146 a prime number?
False
Is 53987 a prime number?
True
Is 9479 composite?
False
Is 87007 prime?
False
Is 1411 prime?
False
Is 232267 prime?
False
Is 12661 composite?
True
Is 2999 a prime number?
True
Is 1276711 prime?
True
Is 35437 a prime number?
True
Is 14101 a prime number?
False
Is 1360889 prime?
True
Is 3156809 a composite number?
False
Is 11467 a composite number?
False
Is 59821 prime?
False
Is 30449 a prime number?
True
Is 11183 composite?
True
Is 436913 prime?
True
Is 162971 a composite number?
False
Is 91789 prime?
False
Is 49382 a composite number?
True
Is 408055 a composite number?
True
Is 1315 a composite number?
True
Is 43753 a prime number?
True
Is 3587 composite?
True
Is 75011 a prime number?
True
Is 1009 prime?
True
Is 263195 prime?
False
Is 987437 a composite number?
True
Is 37279 a composite number?
True
Is 10042 a composite number?
True
Is 2813 prime?
False
Is 1009 a composite number?
False
Is 941407 prime?
True
Is 8639 a prime number?
False
Is 549599 a prime number?
False
Is 1166521 a composite number?
True
Is 24457 a composite number?
True
Is 109297 a composite number?
False
Is 8741 a prime number?
True
Is 156007 a prime number?
True
Is 743 prime?
True
Is 583787 composite?
True
Is 28321 prime?
False
Is 157345 a prime number?
False
Is 1145 composite?
True
Is 7033 composite?
True
Is 5737 a prime number?
True
Is 264587 a composite number?
True
Is 81526 a composite number?
True
Is 40897 a prime number?
True
Is 1405 prime?
False
Is 461143 a prime number?
True
Is 35729 prime?
True
Is 881449 prime?
True
Is 25 prime?
False
Is 731287 prime?
True
Is 9229 composite?
True
Is 459739 a prime number?
False
Is 479467 a prime number?
False
Is 399263 composite?
False
Is 30763 a composite number?
False
Is 522601 prime?
True
Is 1929506 a prime number?
False
Is 64301 a composite number?
False
Is 4257677 a composite number?
False
Is 168133 a composite number?
True
Is 917 composite?
True
Is 12143 prime?
True
Is 629203 prime?
True
Is 20873 a prime number?
True
Is 11413 a prime number?
False
Is 407 a composite number?
True
Is 136151 a prime number?
False
Is 15601 a composite number?
False
Is 121217 prime?
False
Is 11197 a prime number?
True
Is 90929 prime?
False
Is 229883 a composite number?
True
Is 17827 a composite number?
False
Is 7262 a composite number?
True
Is 12889 a composite number?
False
Is 50401 prime?
False
Is 1329343 a prime number?
False
Is 913 a composite number?
True
Is 249481 composite?
True
Is 4547 composite?
False
Is 433337 a composite number?
False
Is 8698 a prime number?
False
Is 17467 prime?
True
Is 9311 a prime number?
True
Is 9011 prime?
True
Is 21113 composite?
True
Is 413243 prime?
True
Is 149083 a composite number?
True
Is 24197 a prime number?
True
Is 93683 composite?
False
Is 38431 composite?
False
Is 435511 composite?
True
Is 582931 prime?
True
Is 33619 prime?
True
Is 10219 prime?
False
Is 435397 composite?
False
Is 39521 a composite number?
False
Is 1026821 prime?
False
Is 735685 composite?
True
Is 1303429 prime?
False
Is 552553 prime?
True
Is 940922 prime?
False
Is 18519 prime?
False
Is 119881 prime?
True
Is 255661 a prime number?
False
Is 1087 composite?
False
Is 697553 a prime number?
True
Is 2275843 a prime number?
True
Is 7639 composite?
False
Is 1651 prime?
False
Is 82883 prime?
True
Is 30026 composite?
True
Is 96314 prime?
False
Is 42947 prime?
False
Is 417121 composite?
True
Is 69109 a composite number?
False
Is 16919 a composite number?
True
Is 2638469 a prime number?
True
Is 293173 prime?
True
Is 21377 composite?
False
Is 1446917 a prime number?
True
Is 178927 composite?
True
Is 1626589 a prime number?
True
Is 3433 a composite number?
False
Is 173534 composite?
True
Is 61055 prime?
False
Is 12434 a prime number?
False
Is 2723 prime?
False
Is 54217 a prime number?
True
Is 865 a prime number?
False
Is 6247 a prime number?
True
Is 4391 prime?
True
Is 1532117 a prime number?
True
Is 37331 a composite number?
True
Is 265987 composite?
False
Is 7901 a prime number?
True
Is 1061441 prime?
True
Is 87847 a composite number?
True
Is 1201 a composite number?
False
Is 277895 a composite number?
True
Is 10937 a prime number?
True
Is 126307 prime?
True
Is 264003 composite?
True
Is 91019 a prime number?
True
Is 186593 prime?
False
Is 30359 prime?
False
Is 214 prime?
False
Is 13522 composite?
True
Is 248533 a prime number?
True
Is 334021 prime?
True
Is 41857 a prime number?
False
Is 241219 composite?
True
Is 736147 a composite number?
False
Is 902933 composite?
False
Is 68093 prime?
False
Is 6599 a prime number?
True
Is 289441 a prime number?
False
Is 222895 a prime number?
False
Is 156473 prime?
False
Is 389 prime?
True
Is 1580671 a prime number?
True
Is 38639 a prime number?
True
Is 30145 prime?
False
Is 20369 prime?
True
Is 40867 a prime number?
True
Is 245515 prime?
False
Is 75917 a composite number?
True
Is 945919 a composite number?
True
Is 94049 a composite number?
False
Is 475018 a prime number?
False
Is 4367 prime?
False
Is 2879 prime?
True
Is 283763 a prime number?
True
Is 31677 a composite number?
True
Is 43711 composite?
False
Is 81811 composite?
True
Is 285403 composite?
True
Is 41729 a prime number?
True
Is 109709 composite?
True
Is 1709 a prime number?
True
Is 39751 a composite number?
True
Is 769781 a composite number?
False
Is 12877 a prime number?
False
Is 2180641 composite?
True
Is 612478 a prime number?
False
Is 93701 a prime number?
True
Is 124715 a prime number?
False